{"id":41,"date":"2023-04-03T20:55:21","date_gmt":"2023-04-03T18:55:21","guid":{"rendered":"https:\/\/istitutobuenosaires.esteri.it\/?page_id=41"},"modified":"2026-02-23T16:09:54","modified_gmt":"2026-02-23T14:09:54","slug":"contatti","status":"publish","type":"page","link":"https:\/\/iickiev.esteri.it\/it\/chi-siamo\/contatti\/","title":{"rendered":"Contatti"},"content":{"rendered":"<p><span class=\"titoloRosso\">Istituto Italiano di Cultura di Kiev \/ Italian Cultural Institute\u00a0in Kyiv<\/span><br \/>\nvul. Yaroslaviv Val, 32A &#8211; 01901 Kiev<br \/>\ntel. 00380.44.2706223<br \/>\ne-mail:\u00a0<a href=\"mailto:iickiev@esteri.it\">iickiev@esteri.it<\/a><\/p>\n<p>&nbsp;<\/p>\n<p>Orario segreteria:<br \/>\ntutti i giorni lavorativi dalle 09.30 alle 13.00;<br \/>\nluned\u00ec, marted\u00ec e gioved\u00ec dalle 15.00 alle 17.00.<\/p>\n<p><span class=\"titoloRosso\">Orario Biblioteca (temporaneamente chiusa):<br \/>\n<\/span>marted\u00ec e gioved\u00ec dalle 10.00 alle 13.00, dalle 15.00 alle 17.00<\/p>\n<p><span class=\"titoloRosso\">\u00a0<\/span><\/p>\n<p>Calendario delle festivit\u00e0 2026:<br \/>\n01\/01\/2026 Capodanno<br \/>\n06\/01\/2026 Epifania del Signore<br \/>\n08\/03\/2026 Festa Internazionale della Donna<br \/>\n06\/04\/2026 Luned\u00ec dell\u2019Angelo<br \/>\n25\/04\/2026 Festa della Liberazione<br \/>\n01\/05\/2026 Festa del Lavoro<br \/>\n02\/06\/2026 Festa della Repubblica Italiana<br \/>\n24\/08\/2026 Giorno dell&#8217;Indipendenza Ucraina<br \/>\n01\/10\/2026 Giornata dei Difensori dell&#8217;Ucraina<\/p>\n<p>04\/10\/2026 Festa Nazionale San Francesco D&#8217;Assisi<br \/>\n25\/12\/2026 Natale<br \/>\n26\/12\/2026 Santo Stefano<\/p>\n<p>&nbsp;<\/p>\n","protected":false},"excerpt":{"rendered":"Istituto Italiano di Cultura di Kiev \/ Italian Cultural Institute\u00a0in Kyiv vul. Yaroslaviv Val, 32A &#8211; 01901 Kiev tel. 00380.44.2706223 e-mail:\u00a0iickiev@esteri.it &nbsp; Orario segreteria: tutti i giorni lavorativi dalle 09.30 alle 13.00; luned\u00ec, marted\u00ec e gioved\u00ec dalle 15.00 alle 17.00. Orario Biblioteca (temporaneamente chiusa): marted\u00ec e gioved\u00ec dalle 10.00 alle 13.00, dalle 15.00 alle 17.00 [&hellip;]","protected":false},"author":1,"featured_media":0,"parent":15,"menu_order":4,"comment_status":"closed","ping_status":"closed","template":"","meta":{"footnotes":""},"class_list":["post-41","page","type-page","status-publish","hentry"],"_links":{"self":[{"href":"https:\/\/iickiev.esteri.it\/it\/wp-json\/wp\/v2\/pages\/41","targetHints":{"allow":["GET"]}}],"collection":[{"href":"https:\/\/iickiev.esteri.it\/it\/wp-json\/wp\/v2\/pages"}],"about":[{"href":"https:\/\/iickiev.esteri.it\/it\/wp-json\/wp\/v2\/types\/page"}],"author":[{"embeddable":true,"href":"https:\/\/iickiev.esteri.it\/it\/wp-json\/wp\/v2\/users\/1"}],"replies":[{"embeddable":true,"href":"https:\/\/iickiev.esteri.it\/it\/wp-json\/wp\/v2\/comments?post=41"}],"version-history":[{"count":6,"href":"https:\/\/iickiev.esteri.it\/it\/wp-json\/wp\/v2\/pages\/41\/revisions"}],"predecessor-version":[{"id":5602,"href":"https:\/\/iickiev.esteri.it\/it\/wp-json\/wp\/v2\/pages\/41\/revisions\/5602"}],"up":[{"embeddable":true,"href":"https:\/\/iickiev.esteri.it\/it\/wp-json\/wp\/v2\/pages\/15"}],"wp:attachment":[{"href":"https:\/\/iickiev.esteri.it\/it\/wp-json\/wp\/v2\/media?parent=41"}],"curies":[{"name":"wp","href":"https:\/\/api.w.org\/{rel}","templated":true}]}}

<p><span class="titoloRosso">Istituto Italiano di Cultura di Kiev / Italian Cultural Institute in Kyiv</span><br />
vul. Yaroslaviv Val, 32A &#8211; 01901 Kiev<br />
tel. 00380.44.2706223<br />
e-mail: <a href="mailto:iickiev@esteri.it">iickiev@esteri.it</a></p>
<p>&nbsp;</p>
<p>Orario segreteria:<br />
tutti i giorni lavorativi dalle 09.30 alle 13.00;<br />
lunedì, martedì e giovedì dalle 15.00 alle 17.00.</p>
<p><span class="titoloRosso">Orario Biblioteca (temporaneamente chiusa):<br />
</span>martedì e giovedì dalle 10.00 alle 13.00, dalle 15.00 alle 17.00</p>
<p><span class="titoloRosso"> </span></p>
<p>Calendario delle festività 2026:<br />
01/01/2026 Capodanno<br />
06/01/2026 Epifania del Signore<br />
08/03/2026 Festa Internazionale della Donna<br />
06/04/2026 Lunedì dell’Angelo<br />
25/04/2026 Festa della Liberazione<br />
01/05/2026 Festa del Lavoro<br />
02/06/2026 Festa della Repubblica Italiana<br />
24/08/2026 Giorno dell&#8217;Indipendenza Ucraina<br />
01/10/2026 Giornata dei Difensori dell&#8217;Ucraina</p>
<p>04/10/2026 Festa Nazionale San Francesco D&#8217;Assisi<br />
25/12/2026 Natale<br />
26/12/2026 Santo Stefano</p>
<p>&nbsp;</p>

Istituto Italiano di Cultura di Kiev / Italian Cultural Institute in Kyiv vul. Yaroslaviv Val, 32A &#8211; 01901 Kiev tel. 00380.44.2706223 e-mail: iickiev@esteri.it &nbsp; Orario segreteria: tutti i giorni lavorativi dalle 09.30 alle 13.00; lunedì, martedì e giovedì dalle 15.00 alle 17.00. Orario Biblioteca (temporaneamente chiusa): martedì e giovedì dalle 10.00 alle 13.00, dalle 15.00 alle 17.00 [&hellip;]
